-x + 6 = -4*k - 0. Let z(i) = i + 12. What is z(x)?
-2
Let n(q) = -2*q**2. Let g be (-10)/(-3)*(-12)/(-8). Suppose -5*r + 0*o + 60 = -5*o, -g*r + 2*o + 45 = 0. Suppose -r*l + 4*l = -3. Determine n(l).
-2
Let a(j) = 3*j + 10. Let g = -16 - -12. Let x be a(g). Let r be 0 - (-1 + 0 + x). Let w(p) = p - 1. Determine w(r).
2
Let y(q) = -q**3 - 3*q**2 - 4*q - 2. Let o be 190/38 - 7*1. Give y(o).
2
Let u(c) = -2*c - 3. Let q be u(-4). Let p(g) = g**2 + 3*g - 8. Let n be p(-5). Let b(t) = -5*t**n - 6*t**3 - 2*t - 5 + 5*t + 7*t**3 - 2. Give b(q).
8
Let l(f) = -f**3 + 7*f**2 - 8*f - 5. Let z be 49/(-4 - 3) + 13. What is l(z)?
-17
Let p be ((-80)/(-120))/(2/(-3)). Let c(b) = -1. Let u(m) = 11*m - 4. Let f(q) = -3*c(q) + u(q). What is f(p)?
-12
Let v(m) = -1630*m**2 - 11*m**3 + 1630*m**2 + 2*m + 1. Calculate v(-1).
10
Let l(t) = -7*t + t + 7*t - 13. Give l(12).
-1
Let y(l) = -l**2 + 13*l + 8. Suppose -73 = 11*r - 194. Determine y(r).
30
Let o(u) = u**3 - 3*u**2. Let h(y) = -3*y + 51. Let s be h(15). Suppose 3*a - s = -5*j, -4*j = 2*a - 5*a - 21. Determine o(j).
0
Let t(c) = 4*c + 2. Let o(r) be the third derivative of r**5/60 - r**4/2 + r**3/3 - 14*r**2. Let w be o(13). Let j be 4/12*w - 2. Give t(j).
14
Let c(j) = j**3 + 5*j**2 - 2*j - 1. Let q(a) = 2*a**3 + 12*a**2 + 4*a + 12. Let s be q(-5). Let i be 1*-1 - (1 + 7). Let m be s/i - (-1)/(-3). Determine c(m).
9
Let l = 757 + -762. Let a(w) = 3*w - 6. Give a(l).
-21
Suppose -2*n + 6*n + 8 = 0, -5*n + 10 = 4*z. Let y(a) = 51*a**2 - 23*a**2 - 27*a**2 - 3*a. Determine y(z).
10
Let d(j) = 3*j - 6. Let x be (-64 - -1)*64/(-448). Calculate d(x).
21
Let t(f) = f**3 + f**2 - 4*f + 1. Let o(z) = -3*z**3 - 3*z**2 + 13*z - 4. Let w(p) = 2*o(p) + 7*t(p). Suppose -3*h + 0 + 7 = n, -5*h + 9 = -n. What is w(h)?
7
Let j(i) = i. Let s(a) = -9*a. Let q(z) = 2*j(z) - s(z). What is q(-1)?
-11
Let y(m) = -5 - 10*m - 5 + 2 + 5 + 5*m. Calculate y(-6).
27
Let y = 21 - 0. Let n(g) = 2*g**2 - 1 + y*g - 27*g - 3*g**2 - 2. Give n(-4).
5
Let o(i) = 5*i - 20. Let d(k) = -6*k + 21. Suppose -8 = -0*c - 4*c. Let t(r) = c*d(r) + 3*o(r). Let s be t(8). Let n(u) = -u**2 + 6*u - 6. Calculate n(s).
-6
Suppose -l + 111*z - 109*z = 0, 5*z - 10 = 5*l. Let y(r) = 2*r**3 + 5*r**2 + 2*r + 1. What is y(l)?
-55
Let m(d) = 9*d**2 - 9*d - 8. Let l(b) = b**2 - b - 1. Let s(g) = -24*l(g) + 3*m(g). Suppose -a + 2*a = -18. Let h = 20 + a. Calculate s(h).
6
Let f = -178 + 176. Let a(z) = -6*z - 6. Determine a(f).
6
Let w(z) be the third derivative of -z**6/30 + 5*z**3/3 - z**2. Let h(x) be the first derivative of w(x). Calculate h(1).
-12
Let x(v) = v**3 + 3*v**2 + v + 6. Let y be x(-3). Let u(g) = y - 3*g**2 + 0 + 2*g**2. What is u(3)?
-6
Let k(s) = 3*s - 32. Let d = -504 + 517. Determine k(d).
7
Let r(g) = -5*g - 3*g + g**2 + 5 + 0. Suppose 175 = -6*b + 217. Determine r(b).
-2
Let h(c) = -4*c - 4 + 2*c**2 - 10*c - 3*c**2 + 4*c. Let a(o) = -o**3 - 3*o + 5. Let q be a(2). Determine h(q).
5
Let r be 10/(-6)*45/(-25). Suppose -r*i + 2*i + 4*x = -17, 0 = -5*x. Suppose -i = -3*d + l, 29 = 5*d - l - 0*l. Let o(b) = -b - 1. What is o(d)?
-7
Suppose 12*f = 5*f + 7. Let l = 1 + f. Let u(d) = -d**3 + 5*d**2 - 2*d - 1. What is u(l)?
7
Let m(h) = -7*h - 15. Let t(d) = 8*d + 18. Let c(i) = -7*m(i) - 6*t(i). What is c(4)?
1
Let a(w) be the first derivative of -w**3/3 - 4*w**2 - 16*w - 5. Let i(y) be the first derivative of a(y). What is i(-7)?
6
Let h(g) = 0*g**2 - 1 - 2*g - g**2 + 2*g**3 + 2*g**2. Let d be (-196)/77 + 6/11. Calculate h(d).
-9
Let r(k) be the second derivative of k**5/20 - 19*k**4/12 + 8*k**3/3 + 39*k**2/2 + 3*k + 128. Give r(18).
3
Suppose 0 = 32*b - 18*b - 70. Let d(h) = h**2 - 6*h - 7. What is d(b)?
-12
Let s(j) = -j**2 + j + 1. Let z = 47 + -39. Suppose 3*d + z = 11. Calculate s(d).
1
Let l(n) = n - 6. Suppose -9 = -2*g - 5. Suppose -2*w - 3*u - 2 = 0, -2*w = -3*u + 5*u - g. Suppose -3*j = 3*i - 27, -2*i = w*j - j - 28. Calculate l(j).
-1
Let y(k) = -k - 5. Let i = 149 - 149. What is y(i)?
-5
Let y be 1/(5/(-5))*-15. Let w(v) = -15*v + 2 + 31*v - y*v. Give w(2).
4
Suppose -7*n = -22 - 13. Let o(l) = 3*l - 8. Calculate o(n).
7
Let n(v) be the second derivative of 0 - 7/2*v**2 - 9*v - 1/6*v**3. Let r = -6 - 0. Calculate n(r).
-1
Let o(g) = -46*g - 34. Let p(d) = 21*d + 17. Let m(b) = -6*o(b) - 13*p(b). Give m(3).
-8
Let w(l) = -113*l + 1 + 53*l + 55*l. Calculate w(2).
-9
Let f(n) = 10 - 7*n + n**2 + 0*n**2 - 3. Suppose -61*c + 62*c + 5*y = 0, y = 4*c - 21. Calculate f(c).
-3
Let m = 61 + -54. Let p = m + -11. Let a(u) = u**2 + u - 4. Determine a(p).
8
Let b(j) = 8*j - 10. Let y(r) = 3*r - 1. Let d(h) = b(h) - 3*y(h). Calculate d(-4).
-3
Let b(q) be the first derivative of 2*q**2 + 1/3*q**3 - 8 - 2*q. What is b(-3)?
-5
Let u(s) = -s - 8 + 5 + 6 - 1. Give u(-6).
8
Let a(x) be the first derivative of -5/2*x**2 + 3*x + 4/3*x**3 + 1/4*x**4 + 42. Calculate a(-5).
3
Let z(i) = -1 + 3 - 3 + i. Suppose 3*m = -3*d + 6, -2*m = -4*m + 7*d + 40. Determine z(m).
5
Let g(k) = 10*k**3 + 2*k**2 - 4*k + 5. Let d(j) = -10*j**3 - j**2 + 3*j - 4. Let s = 3 + -6. Let u(m) = s*g(m) - 4*d(m). Give u(1).
9
Let i(x) = -x**2 + 7*x + 3. Suppose -2*w - 33 = -5*y, 15*w - 16*w + 11 = 3*y. What is i(y)?
13
Suppose -3*p + 19 + 20 = 5*k, -5*k = -15. Suppose y = -p - 1. Let i(m) = m**2 + 10*m + 13. What is i(y)?
4
Suppose 0*m - k = 2*m, 0 = -4*m - k + 4. Let t(b) = -2*b**m - 9*b - 10*b + 21*b. Suppose -12 = 2*v - 6*v - 2*n, -3*n = 2*v - 10. Give t(v).
-4
Let r(n) = 3*n + 6. Let w(j) = -j**2 - 2*j. Let q be w(1). Let t be (q + 0 + 0)/(-1). Let g be (1 - 2) + (0 - t). Calculate r(g).
-6
Suppose -5*s + 1 = y - 4, -2*s + 2 = -2*y. Let m be (-1 - s)*((-33)/(-6) + -2). Let h(z) = -z**3 - 6*z**2 + 7*z + 2. Determine h(m).
2
Let i(s) = 7*s + 10. Let g(o) = 16*o + 21. Let j(k) = -6*g(k) + 13*i(k). What is j(4)?
-16
Let g be -2*(1 - (4 - 2)). Let w(d) = -21*d + 2. Let u(l) = -28*l + 3. Let r(t) = -4*u(t) + 5*w(t). Determine r(g).
12
Let x(d) = 2*d**2 - 35*d - 53. Let q be x(19). Let i(f) be the third derivative of 1/12*f**q + 1/30*f**5 + 0*f - 1/2*f**3 + 0 + 6*f**2. Determine i(2).
9
Let u = -91 - -143. Let p be (u/8 + -2)/((-1)/(-2)). Let o(d) = d**3 - 10*d**2 + 11*d - 13. What is o(p)?
5
Let v(w) = 2*w**2 - 19*w + 1. Let r(a) = a**2 - 9*a + 1. Let j(u) = -7*r(u) + 3*v(u). Let f(o) = 42*o - 289. Let y be f(7). Calculate j(y).
1
Let v be -1 + (-8)/8 + 2/(-2). Let u(y) = y**3 + 5*y**2 + 4*y + 1. Determine u(v).
7
Let x(p) = -2*p**2 - 10*p + 4. Let l be x(-5). Let j(n) = -2*n + 6. What is j(l)?
-2
Let v(w) = -7*w**3 + w**2 - w - 2. Let s be v(-1). Suppose -2*a - 3*o = -a - 8, 5*a = -4*o + s. Let x(m) = 6*m**3 - m**2 - m - 1. Calculate x(a).
-7
Let a(u) = -u**2. Suppose -19 = 12*k - 7. Let o(y) = -2*y**2 - 8*y + 2. Let l(d) = k*a(d) + o(d). What is l(-6)?
14
Let g = -1209 + 1204. Let m(w) be the third derivative of -w**5/30 - 7*w**4/24 + w**3/3 + 4*w**2. Give m(g).
-13
Let i(r) = -r**2 - 9*r - 7. Let x(c) = c**2 - 6*c + 9. Let w be x(5). Suppose -19 - 9 = w*t. Give i(t).
7
Suppose 1 - 17 = 8*l. Let a(i) = -i**3 - 3*i**2 - 4*i + 1. Give a(l).
5
Let p(x) = 11*x - 1. Let v(z) = 27*z - 4. Let y(s) = 5*p(s) - 2*v(s). What is y(-8)?
-5
Suppose v - r - 5 = 0, -2*v + 3*v - 5*r = 9. Let l = -53 - -53. Let a(q) = 4 - 4*q + 3*q + l*q. Give a(v).
0
Let v(q) be the first derivative of -q**2 + q + 48. Determine v(-3).
7
Let q(t) be the third derivative of -t**4/12 - t**3/3 + 3*t**2 + 6. Suppose 2*k + 30 = -4*j, 5*j - 21 = 2*k - 0*k. Let m = k - -16. Calculate q(m).
-8
Let a(x) = x**2 + 6*x + 13. Let y be a(-5). Let h be (-5 - 20/y)*4/(-5). Let q(f) = f**2 - 6*f + 6. Give q(h).
6
Suppose -5*a + 3 = -3*y - 14, 3*a - 10 = 2*y. Let f be 322/28 + 6/(-4). Suppose a*p = -p + f. Let m(q) = 2*q**3 - q**2 - q - 1. Calculate m(p).
9
Let g(n) = -23*n. Let m(k) = 43*k + 1. Let z(o) = 11*g(o) + 6*m(o). Calculate z(-2).
-4
Let b be (-1)/(-4)*-10*-8. Suppose 6*a - 2*a - b = 0. Let l(r) = -2*r + 6. Give l(a).
-4
Suppose 23 = -5*n + 98. Suppose n = 2*f + f. Suppose -5*t - f*v = 76 - 21, t = -4*v - 23. Let o(b) = b**3 + 6*b**2 - 6*b + 8. What is o(t)?
1
Let k(c) = -c**3 - 7*c**2 + 6. Suppose -3*r - 2*r + 30 = 0. Let g(p) = -p**2 + 4*p + 5. Let o be g(r). Let d be k(o). Let w(b) = -b + 11. What is w(d)?
5
Let f(u) = u**3 - 12*